ate d(-97).
-172
Let z(x) = -x**2 - 89*x + 42816. Determine z(167).
64
Let p(i) = i**3 - 134*i**2 + 136*i - 402. Give p(133).
-3
Let g(v) = 7*v**3 - 77*v**2 - 2394*v + 818. Determine g(-14).
34
Let q(p) = 7822*p - 226773. Calculate q(29).
65
Let x(g) = 914*g - 8163. Give x(10).
977
Let g(m) = -2*m**3 - 114*m**2 - 529*m - 6. What is g(-5)?
39
Let k(a) = -a**2 - 3276*a + 13139. What is k(4)?
19
Let p(m) = -m**3 - 73*m**2 + 115*m + 8381. Calculate p(-73).
-14
Let f(g) = 105*g**3 + 8*g**2 + 373*g + 1083. Calculate f(-3).
-2799
Let s(l) = -l**3 - 4*l**2 + 134*l - 383. What is s(6)?
61
Let t(u) = -u**2 + 230*u + 5243. Determine t(-30).
-2557
Let b(o) = -994683*o - 4973407. Give b(-5).
8
Let g(r) = -177*r - 2921. Give g(-13).
-620
Let w(j) = 431516*j - 5178148. Give w(12).
44
Let h(f) = -1970*f**2 - 45*f - 45. Give h(-1).
-1970
Let z(i) = -5*i**2 + 1495*i + 33595. Calculate z(-21).
-5
Let y(a) = 5*a**3 - 409*a**2 + 156*a - 19502. Give y(82).
14
Let t(d) = 10*d**2 - 44575*d - 44580. Determine t(-1).
5
Let r(m) = m**2 - 10*m + 220. Calculate r(12).
244
Let c(w) = -2676*w + 4994. Determine c(2).
-358
Let y(i) = -123*i**2 + 25318*i + 4128. What is y(206)?
8
Let g(s) = -116*s + 45931. Give g(396).
-5
Let z(b) = 37*b**2 + 638*b - 2496. What is z(5)?
1619
Let w(d) = -6*d**3 - 1405*d**2 - 28187*d + 1907. Calculate w(-212).
-1
Let y(b) = -6209*b + 6187. What is y(1)?
-22
Let m(r) = 2*r**2 - 479*r + 20143. Determine m(54).
109
Let u(o) = 4*o**3 - 20*o**2 - 102*o - 117. Determine u(-4).
-285
Let u(b) = b**2 - 18181*b + 7372905. Give u(415).
15
Let g(f) = -750*f + 184506. Calculate g(246).
6
Let s(d) = 81*d**3 - 208*d**2 + 18*d - 4. Determine s(3).
365
Let p(j) = j**3 - 52*j**2 - 1001*j + 55051. Calculate p(50).
1
Let h(z) = 2*z**2 - 92065*z + 460276. Determine h(5).
1
Let k(b) = -2127*b + 74448. Give k(35).
3
Let g(w) = w**3 + 24*w**2 - 1644*w + 354. Give g(30).
-366
Let r(o) = 624*o - 20575. Calculate r(33).
17
Let y(a) = -a**2 + 212*a - 11064. Give y(127).
-269
Let m(p) = -827*p + 88534. Calculate m(107).
45
Let y(d) = -3997*d - 71962. Calculate y(-18).
-16
Let o(r) = r**3 - 7*r**2 + 5435*r - 49079. What is o(9)?
-2
Let a(t) = 3*t**3 - 605*t**2 - 1399*t - 5957. What is a(204)?
-41
Let o(a) = 7925*a - 15863. Determine o(2).
-13
Let k(a) = -a**3 + 25*a**2 - 5437*a + 129909. What is k(24)?
-3
Let r(o) = -27*o**3 + 500*o**2 - 68*o - 159. Give r(19).
-6144
Let g(h) = -2808*h - 19664. Determine g(-7).
-8
Let d(z) = -z**3 + 23*z**2 + 81*z - 47. Give d(26).
31
Let w(o) = 153*o**2 + 14987*o - 680. Calculate w(-98).
6
Let f(k) = -478*k + 25013. Give f(52).
157
Let w(c) = 3*c**2 - 31*c - 28. Give w(0).
-28
Let r(f) = f**3 + 15*f**2 + 2*f - 167. Determine r(-15).
-197
Let a(t) = -39*t**2 - 1717*t - 154. Calculate a(-44).
-110
Let b(o) = -13106*o - 26220. Give b(-2).
-8
Let n(m) = -2*m**3 + 340*m**2 - 4655*m + 831. Determine n(155).
56
Let w(h) = 133482*h - 3337073. Calculate w(25).
-23
Let c(y) = -522*y**2 - 81952*y + 98. What is c(-157)?
-216
Let t(n) = 113848*n + 15597180. Determine t(-137).
4
Let v(p) = -2*p**2 + 5271*p - 104649. Calculate v(20).
-29
Let s(t) = 2*t**3 - 27*t**2 - 132*t + 202. Calculate s(17).
-19
Let p(u) = u**3 + 377*u**2 - 854*u - 36659. Give p(-379).
-275
Let d(f) = f**3 - 7*f**2 + 2*f + 173. What is d(-4)?
-11
Let i(q) = 3255*q + 862581. Determine i(-265).
6
Let n(h) = 2*h**3 + 56*h**2 - 1337*h + 693. Give n(15).
-12
Let b(l) = 474*l - 49605. What is b(104)?
-309
Let f(k) = -64*k**3 - 17795*k**2 - 839*k - 1389. Determine f(-278).
1
Let i(q) = 367*q - 4704. Calculate i(13).
67
Let u(c) = -5549*c + 1942154. Give u(350).
4
Let f(d) = d**3 + 198*d**2 - 2080*d + 1128. Give f(-208).
1128
Let i(o) = 41522*o - 415275. What is i(10)?
-55
Let x(i) = -8*i**3 + 1461*i**2 + 3520*i - 924. Calculate x(185).
1
Let x(l) = -182236*l + 182204. Give x(1).
-32
Let l(s) = 79*s + 9005. Calculate l(-114).
-1
Let x(c) = -c**2 - 174*c + 2390. What is x(13)?
-41
Let k(r) = 16408*r - 197176. Calculate k(12).
-280
Let o(v) = -2372*v + 26865. Determine o(12).
-1599
Let m(n) = -16080*n + 369799. Give m(23).
-41
Let r(s) = 2*s**3 - 58*s**2 + 233*s + 241. What is r(6)?
-17
Let x(m) = m**3 + 59*m**2 + 713*m - 289. Calculate x(-42).
-247
Let k(d) = 4*d**2 - 103*d - 220. Determine k(26).
-194
Let c(i) = 18999*i - 360980. What is c(19)?
1
Let d(i) = -263*i - 6697. Give d(-27).
404
Let z(k) = -k**2 - 4*k - 5. Give z(-9).
-50
Let v(m) = -27*m**2 - 272*m + 1112. Give v(-13).
85
Let l(s) = 2*s**3 - 11*s**2 - 2096*s + 14516. Give l(7).
-9
Let r(h) = -334*h - 10372. Give r(-30).
-352
Let q(i) = -i**3 - 9*i**2 + 76*i + 684. Determine q(-7).
54
Let b(c) = -9*c**2 + 1190*c - 2378. What is b(2)?
-34
Let j(q) = 3*q**2 + 406*q + 5461. Give j(-15).
46
Let k(i) = 40*i**2 + 30*i - 450. Give k(8).
2350
Let j(p) = -11188*p - 22392. What is j(-2)?
-16
Let v(z) = 1752*z + 8910. Calculate v(-5).
150
Let b(h) = -68*h - 4397. Calculate b(-58).
-453
Let v(z) = z**3 + 110*z**2 - 2152*z - 588. Determine v(-127).
-1477
Let z(l) = 4*l**3 - 15*l**2 + 295*l - 1448. Determine z(5).
152
Let c(a) = 3*a**3 - 140*a**2 - 1314*a + 130. Determine c(-9).
-1571
Let h(o) = -4*o**2 - 2*o + 4054. Give h(31).
148
Let r(i) = 688*i + 106005. Give r(-154).
53
Let z(i) = -5*i**2 - 3409*i + 24101. What is z(7)?
-7
Let i(p) = 108*p + 8853. What is i(-81)?
105
Let t(l) = 38*l**2 - 558*l + 851. Determine t(13).
19
Let y(k) = 9*k**3 - 91*k**2 - 1784*k + 16857. Determine y(15).
-3
Let i(l) = 284*l - 45627. What is i(145)?
-4447
Let d(g) = 405*g**2 + 4050*g + 9. What is d(-10)?
9
Let l(p) = -2108*p - 8372. Give l(-4).
60
Let t(k) = -1189*k**3 + 3*k**2 - 4*k + 4. Calculate t(1).
-1186
Let s(f) = -f**3 + 19*f**2 - 61*f - 57. Determine s(10).
233
Let a(t) = -t**2 - 963*t + 92644. Give a(88).
156
Let q(l) = -2*l**3 + 317*l**2 + 12503*l - 16817. Calculate q(191).
-9
Let u(s) = s**3 - 47*s**2 + 217*s + 2591. Determine u(40).
71
Let g(o) = 8323*o + 3978403. Calculate g(-478).
9
Let w(m) = -34*m**2 + 104*m + 305. Calculate w(-3).
-313
Let s(x) = 290511*x + 2033579. What is s(-7)?
2
Let i(l) = 1654*l**2 - 172*l + 19. Calculate i(0).
19
Let y(f) = 8*f**2 + 9*f - 148. Calculate y(11).
919
Let u(j) = 3*j**3 + j**2 - 476*j - 43. What is u(-12)?
629
Let l(a) = a**3 + 203*a**2 + 495*a + 59183. Determine l(-202).
-3
Let z(r) = -6*r**3 - 74*r**2 + 15*r + 143. Determine z(-6).
-1315
Let k(m) = -3*m**2 + 194*m + 526. Give k(0).
526
Let f(d) = -13*d**2 + 2*d + 26. Determine f(-4).
-190
Let a(l) = 32258*l - 8419341. Determine a(261).
-3
Let c(m) = 16470*m + 49384. Determine c(-3).
-26
Let a(c) = -9031*c - 1923781. Determine a(-213).
-178
Let m(c) = -c**3 + 116*c**2 - 140*c + 3125. Determine m(115).
250
Let d(h) = 36*h**2 - 357*h - 178. What is d(11)?
251
Let z(w) = 2384*w - 298011. What is z(125)?
-11
Let i(q) = -2*q**2 + 10*q + 1450. Calculate i(-22).
262
Let g(w) = -w**3 + 37*w**2 + 141*w + 75. Determine g(41).
-868
Let v(m) = -104*m + 6942. Give v(99).
-3354
Let k(q) = 10*q**3 + 451*q**2 + 489*q - 60. What is k(-44)?
-280
Let d(m) = -42457*m + 127393. Determine d(3).
22
Let f(c) = -5192*c + 25926. Give f(5).
-34
Let n(h) = -737*h + 124575. Give n(169).
22
Let t(w) = -79*w**2 - 2314*w + 1644. What is t(-30)?
-36
Let k(t) = 2*t**3 + 250*t**2 + 177*t + 22132. Determine k(-125).
7
Let y(j) = -j**2 - 4948*j + 104370. Calculate y(21).
21
Let c(p) = p**2 - 74*p - 13246. Give c(-84).
26
Let d(i) = -2253*i**2 + 621827*i + 275. Determine d(276).
-1
Let f(j) = -132*j**2 + 11888*j + 11281. Give f(91).
-3
Let v(h) = h**2 + 7367*h + 582959. Calculate v(-80).
-1
Let k(t) = t**3 + 19*t**2 + 8*t - 396. Determine k(-20).
-956
Let b(p) = 4*p**3 - 3*p**2 - 37*p - 264. Determine b(5).
-24
Let z(w) = -60*w - 904. What is z(-54)?
2336
Let k(b) = 17366*b + 34771. Determine k(-2).
39
Let b(a) = -204*a**3 + 12*a**2 + 24*a + 9. Determine b(-2).
1641
Let v(z) = z**3 + 5*z**2 - 92*z + 143. Give v(-16).
-1201
Let d(g) = -g**2 + 27*g + 3552. Give d(73).
194
Let j(b) = -5*b**2 + 495*b + 2828. Calculate j(-6).
-322
Let o(y) = 2*y**3 + 32*y**2 - 305*y + 91. Determine o(-23).
-300
Let i(k) = -24*k**2 - 297*k + 3660. What is i(-20)?
0
Let h(l) = -65*l**2 - 2072*l - 2945. Determine h(-30).
715
Let a(i) = 2*i**3 - 284*i**2 + 297*i + 273. Calculate a(141).
2388
Let q(i) = -i**2 + 45*i - 